{"id":5103,"date":"2025-03-07T10:14:52","date_gmt":"2025-03-07T10:14:52","guid":{"rendered":"https:\/\/fan-club-veen-83.de\/?page_id=5103"},"modified":"2025-03-07T10:56:02","modified_gmt":"2025-03-07T10:56:02","slug":"blog","status":"publish","type":"page","link":"https:\/\/fan-club-veen-83.de\/","title":{"rendered":"Blog"},"content":{"rendered":"\t\t<div data-elementor-type=\"wp-page\" data-elementor-id=\"5103\" class=\"elementor elementor-5103\">\n\t\t\t\t<div class=\"elementor-element elementor-element-495be93 e-flex e-con-boxed e-con e-parent\" data-id=\"495be93\" data-element_type=\"container\" data-e-type=\"container\">\n\t\t\t\t\t<div class=\"e-con-inner\">\n\t\t\t\t<div class=\"elementor-element elementor-element-fb3650d elementor-widget elementor-widget-image\" data-id=\"fb3650d\" data-element_type=\"widget\" data-e-type=\"widget\" data-widget_type=\"image.default\">\n\t\t\t\t<div class=\"elementor-widget-container\">\n\t\t\t\t\t\t\t\t\t\t\t\t\t\t\t<img decoding=\"async\" width=\"160\" height=\"160\" src=\"https:\/\/fan-club-veen-83.de\/wp-content\/uploads\/2025\/03\/Bild_2025-03-07_115327697-160x160.png\" class=\"attachment-thumbnail size-thumbnail wp-image-5118\" alt=\"\" srcset=\"https:\/\/fan-club-veen-83.de\/wp-content\/uploads\/2025\/03\/Bild_2025-03-07_115327697-160x160.png 160w, https:\/\/fan-club-veen-83.de\/wp-content\/uploads\/2025\/03\/Bild_2025-03-07_115327697-320x320.png 320w\" sizes=\"(max-width: 160px) 100vw, 160px\" \/>\t\t\t\t\t\t\t\t\t\t\t\t\t\t\t<\/div>\n\t\t\t\t<\/div>\n\t\t\t\t\t<\/div>\n\t\t\t\t<\/div>\n\t\t<div class=\"elementor-element elementor-element-9af13d5 e-flex e-con-boxed e-con e-parent\" data-id=\"9af13d5\" data-element_type=\"container\" data-e-type=\"container\">\n\t\t\t\t\t<div class=\"e-con-inner\">\n\t\t\t\t<div class=\"elementor-element elementor-element-49d521d elementor-widget elementor-widget-post_layouts\" data-id=\"49d521d\" data-element_type=\"widget\" data-e-type=\"widget\" data-widget_type=\"post_layouts.default\">\n\t\t\t\t<div class=\"elementor-widget-container\">\n\t\t\t\t\t<div class=\"row masonaryactive \"><div class=\"blog-grid-layout col-md-4 col-lg-3\"><div class=\"theimran-post-layout-one\"><div class=\"theimran-post-layout-one__thumbnail\">\t\t\t<a href=\"https:\/\/fan-club-veen-83.de\/?p=5165\"><\/a>\r\n\t\t\t\t\t\t<div class=\"theimran-post-layout-one__categories position-static\">\r\n\t\t\t\t<span class=\"cat-links\"><a href=\"https:\/\/fan-club-veen-83.de\/?cat=1\" rel=\"category\">News<\/a><\/span>\t\t\t<\/div>\r\n\t\t\t<\/div><div class=\"theimran-post-layout-one__content-wrapper\">\t\t\t<div class=\"theimran-post-layout-one__title\">\r\n\t\t\t\t<h3><a href=\"https:\/\/fan-club-veen-83.de\/?p=5165\">Abschlussfahrt nach Leipzig 04-2006<\/a><\/h3>\r\n\t\t\t<\/div>\r\n\t\t\t\t<div class=\"theimran-post-layout-one__blog-meta\">\r\n\t\t\t<ul>\r\n\t\t\t\t\t\t\t\t<li><a href=\"#\"> <span class=\"far fa-calendar-alt\"><\/span><span class=\"posted-on\">posted on <a href=\"https:\/\/fan-club-veen-83.de\/?p=5165\" rel=\"bookmark\"><time class=\"entry-date published updated\" datetime=\"2026-04-20T15:44:51+00:00\">April 20, 2026<\/time><\/a><\/span><\/a><\/li>\r\n\t\t\t\t\t\t\t<\/ul>\r\n\t\t<\/div>\r\n\t\t\t\t\t<div class=\"theimran-post-layout-one__excerpt\">\r\n\t\t\t\t<p>\r\n\t\t\t\t\tAbschlussfahrt nach Leipzig\t\t\t\t<\/p>\r\n\t\t\t<\/div>\r\n\t\t\t\t<div class=\"theimran-post-layout-one__read-more\">\r\n\t\t\t<a href=\"https:\/\/fan-club-veen-83.de\/?p=5165\">Weiterlesen<\/a>\r\n\t\t<\/div>\r\n\t\t<\/div><\/div><\/div><div class=\"blog-grid-layout col-md-4 col-lg-3\"><div class=\"theimran-post-layout-one\"><div class=\"theimran-post-layout-one__thumbnail\">\t\t\t<a href=\"https:\/\/fan-club-veen-83.de\/?p=5161\"><\/a>\r\n\t\t\t\t\t\t<div class=\"theimran-post-layout-one__categories position-static\">\r\n\t\t\t\t<span class=\"cat-links\"><a href=\"https:\/\/fan-club-veen-83.de\/?cat=1\" rel=\"category\">News<\/a><\/span>\t\t\t<\/div>\r\n\t\t\t<\/div><div class=\"theimran-post-layout-one__content-wrapper\">\t\t\t<div class=\"theimran-post-layout-one__title\">\r\n\t\t\t\t<h3><a href=\"https:\/\/fan-club-veen-83.de\/?p=5161\">Mitgliederversammlung 30.01.2026<\/a><\/h3>\r\n\t\t\t<\/div>\r\n\t\t\t\t<div class=\"theimran-post-layout-one__blog-meta\">\r\n\t\t\t<ul>\r\n\t\t\t\t\t\t\t\t<li><a href=\"#\"> <span class=\"far fa-calendar-alt\"><\/span><span class=\"posted-on\">posted on <a href=\"https:\/\/fan-club-veen-83.de\/?p=5161\" rel=\"bookmark\"><time class=\"entry-date published updated\" datetime=\"2026-04-20T15:38:33+00:00\">April 20, 2026<\/time><\/a><\/span><\/a><\/li>\r\n\t\t\t\t\t\t\t<\/ul>\r\n\t\t<\/div>\r\n\t\t\t\t\t<div class=\"theimran-post-layout-one__excerpt\">\r\n\t\t\t\t<p>\r\n\t\t\t\t\t\t\t\t\t<\/p>\r\n\t\t\t<\/div>\r\n\t\t\t\t<div class=\"theimran-post-layout-one__read-more\">\r\n\t\t\t<a href=\"https:\/\/fan-club-veen-83.de\/?p=5161\">Weiterlesen<\/a>\r\n\t\t<\/div>\r\n\t\t<\/div><\/div><\/div><div class=\"blog-grid-layout col-md-4 col-lg-3\"><div class=\"theimran-post-layout-one\"><div class=\"theimran-post-layout-one__thumbnail\">\t\t\t<a href=\"https:\/\/fan-club-veen-83.de\/?p=5146\"><\/a>\r\n\t\t\t\t\t\t<div class=\"theimran-post-layout-one__categories position-static\">\r\n\t\t\t\t<span class=\"cat-links\"><a href=\"https:\/\/fan-club-veen-83.de\/?cat=1\" rel=\"category\">News<\/a><\/span>\t\t\t<\/div>\r\n\t\t\t<\/div><div class=\"theimran-post-layout-one__content-wrapper\">\t\t\t<div class=\"theimran-post-layout-one__title\">\r\n\t\t\t\t<h3><a href=\"https:\/\/fan-club-veen-83.de\/?p=5146\">Saisonabschluss 03.05.2025<\/a><\/h3>\r\n\t\t\t<\/div>\r\n\t\t\t\t<div class=\"theimran-post-layout-one__blog-meta\">\r\n\t\t\t<ul>\r\n\t\t\t\t\t\t\t\t<li><a href=\"#\"> <span class=\"far fa-calendar-alt\"><\/span><span class=\"posted-on\">posted on <a href=\"https:\/\/fan-club-veen-83.de\/?p=5146\" rel=\"bookmark\"><time class=\"entry-date published\" datetime=\"2025-05-26T16:19:51+00:00\">Mai 26, 2025<\/time><\/a><\/span><\/a><\/li>\r\n\t\t\t\t\t\t\t<\/ul>\r\n\t\t<\/div>\r\n\t\t\t\t\t<div class=\"theimran-post-layout-one__excerpt\">\r\n\t\t\t\t<p>\r\n\t\t\t\t\tHeimspiel Saisonabschluss 24\/25 \u00a0 Nach der gelungenen Fahrt zum letzten Ausw\u00e4rtsspiel in M\u00fcnchen stand nat\u00fcrlich auch ein standesgem\u00e4\u00dfer\t\t\t\t<\/p>\r\n\t\t\t<\/div>\r\n\t\t\t\t<div class=\"theimran-post-layout-one__read-more\">\r\n\t\t\t<a href=\"https:\/\/fan-club-veen-83.de\/?p=5146\">Weiterlesen<\/a>\r\n\t\t<\/div>\r\n\t\t<\/div><\/div><\/div><div class=\"blog-grid-layout col-md-4 col-lg-3\"><div class=\"theimran-post-layout-one\"><div class=\"theimran-post-layout-one__thumbnail\">\t\t\t<a href=\"https:\/\/fan-club-veen-83.de\/?p=5141\"><\/a>\r\n\t\t\t\t\t\t<div class=\"theimran-post-layout-one__categories position-static\">\r\n\t\t\t\t<span class=\"cat-links\"><a href=\"https:\/\/fan-club-veen-83.de\/?cat=1\" rel=\"category\">News<\/a><\/span>\t\t\t<\/div>\r\n\t\t\t<\/div><div class=\"theimran-post-layout-one__content-wrapper\">\t\t\t<div class=\"theimran-post-layout-one__title\">\r\n\t\t\t\t<h3><a href=\"https:\/\/fan-club-veen-83.de\/?p=5141\">Saisonabschlussfahrt M\u00fcnchen 09.2025<\/a><\/h3>\r\n\t\t\t<\/div>\r\n\t\t\t\t<div class=\"theimran-post-layout-one__blog-meta\">\r\n\t\t\t<ul>\r\n\t\t\t\t\t\t\t\t<li><a href=\"#\"> <span class=\"far fa-calendar-alt\"><\/span><span class=\"posted-on\">posted on <a href=\"https:\/\/fan-club-veen-83.de\/?p=5141\" rel=\"bookmark\"><time class=\"entry-date published\" datetime=\"2025-05-14T18:42:11+00:00\">Mai 14, 2025<\/time><\/a><\/span><\/a><\/li>\r\n\t\t\t\t\t\t\t<\/ul>\r\n\t\t<\/div>\r\n\t\t\t\t\t<div class=\"theimran-post-layout-one__excerpt\">\r\n\t\t\t\t<p>\r\n\t\t\t\t\tSaisonabschlussfahrt 09.05.-11.05.2025 nach M\u00fcnchen Fanclub kehrt nach ausgel\u00f6stem Polizeigro\u00dfeinsatz in Frankfurt von Saisonabschlussfahrt aus\t\t\t\t<\/p>\r\n\t\t\t<\/div>\r\n\t\t\t\t<div class=\"theimran-post-layout-one__read-more\">\r\n\t\t\t<a href=\"https:\/\/fan-club-veen-83.de\/?p=5141\">Weiterlesen<\/a>\r\n\t\t<\/div>\r\n\t\t<\/div><\/div><\/div><\/div>\t\t<div class=\"Page d-flex justify-content-center frontpage navigation example\">\r\n\r\n\t\t\t<div class=\"pagination-wrapper\">\r\n\t\t\t\t<ul class='page-numbers'>\n\t<li><span aria-current=\"page\" class=\"page-numbers current\">1<\/span><\/li>\n\t<li><a class=\"page-numbers\" href=\"https:\/\/fan-club-veen-83.de\/index.php?rest_route=%2Fwp%2Fv2%2Fpages%2F5103&#038;paged=2\">2<\/a><\/li>\n\t<li><a class=\"page-numbers\" href=\"https:\/\/fan-club-veen-83.de\/index.php?rest_route=%2Fwp%2Fv2%2Fpages%2F5103&#038;paged=3\">3<\/a><\/li>\n\t<li><a class=\"page-numbers\" href=\"https:\/\/fan-club-veen-83.de\/index.php?rest_route=%2Fwp%2Fv2%2Fpages%2F5103&#038;paged=4\">4<\/a><\/li>\n\t<li><a class=\"page-numbers\" href=\"https:\/\/fan-club-veen-83.de\/index.php?rest_route=%2Fwp%2Fv2%2Fpages%2F5103&#038;paged=5\">5<\/a><\/li>\n\t<li><a class=\"next page-numbers\" href=\"https:\/\/fan-club-veen-83.de\/index.php?rest_route=%2Fwp%2Fv2%2Fpages%2F5103&#038;paged=2\"><i class=\"fas fa-angle-right\"><\/i><\/a><\/li>\n<\/ul>\n\t\t\t<\/div>\r\n\t\t<\/div>\r\n\t\t\t\t\t\t<\/div>\n\t\t\t\t<\/div>\n\t\t\t\t\t<\/div>\n\t\t\t\t<\/div>\n\t\t\t\t<\/div>\n\t\t","protected":false},"excerpt":{"rendered":"<p>News Mitgliederversammlung 2025 posted on Februar 19, 2025 BFC Mitgliederversammlung Weiterlesen News VFL Fanclub Veen `83 unterst\u00fctzt Sternsingeraktion posted on November 23, 2024 VFL Fanclub Veen `83 unterst\u00fctzt Sternsingeraktion Veen, 8.6.2024 Nach \u00fcber 40 Jahren haben die Mitglieder des Fanclubs Veen \u00b483 auf Ihrer Weiterlesen News Saisonabschlussfahrt 17.-19,05,2024 nach Stuttgart posted on November 23, 2024&#8230;<\/p>\n","protected":false},"author":5,"featured_media":0,"parent":0,"menu_order":0,"comment_status":"closed","ping_status":"closed","template":"","meta":{"footnotes":""},"class_list":["post-5103","page","type-page","status-publish","hentry"],"_links":{"self":[{"href":"https:\/\/fan-club-veen-83.de\/index.php?rest_route=\/wp\/v2\/pages\/5103","targetHints":{"allow":["GET"]}}],"collection":[{"href":"https:\/\/fan-club-veen-83.de\/index.php?rest_route=\/wp\/v2\/pages"}],"about":[{"href":"https:\/\/fan-club-veen-83.de\/index.php?rest_route=\/wp\/v2\/types\/page"}],"author":[{"embeddable":true,"href":"https:\/\/fan-club-veen-83.de\/index.php?rest_route=\/wp\/v2\/users\/5"}],"replies":[{"embeddable":true,"href":"https:\/\/fan-club-veen-83.de\/index.php?rest_route=%2Fwp%2Fv2%2Fcomments&post=5103"}],"version-history":[{"count":15,"href":"https:\/\/fan-club-veen-83.de\/index.php?rest_route=\/wp\/v2\/pages\/5103\/revisions"}],"predecessor-version":[{"id":5124,"href":"https:\/\/fan-club-veen-83.de\/index.php?rest_route=\/wp\/v2\/pages\/5103\/revisions\/5124"}],"wp:attachment":[{"href":"https:\/\/fan-club-veen-83.de\/index.php?rest_route=%2Fwp%2Fv2%2Fmedia&parent=5103"}],"curies":[{"name":"wp","href":"https:\/\/api.w.org\/{rel}","templated":true}]}}