{"id":1802,"date":"2024-11-22T17:44:42","date_gmt":"2024-11-22T17:44:42","guid":{"rendered":"https:\/\/fan-club-veen-83.de\/?page_id=1802"},"modified":"2025-02-19T09:40:23","modified_gmt":"2025-02-19T09:40:23","slug":"vorstand","status":"publish","type":"page","link":"https:\/\/fan-club-veen-83.de\/?page_id=1802","title":{"rendered":"Vorstand"},"content":{"rendered":"\t\t<div data-elementor-type=\"wp-page\" data-elementor-id=\"1802\" class=\"elementor elementor-1802\">\n\t\t\t\t<div class=\"elementor-element elementor-element-9bc1e32 e-flex e-con-boxed e-con e-parent\" data-id=\"9bc1e32\" data-element_type=\"container\" data-e-type=\"container\">\n\t\t\t\t\t<div class=\"e-con-inner\">\n\t\t\t\t\t<\/div>\n\t\t\t\t<\/div>\n\t\t<div class=\"elementor-element elementor-element-c92418a e-flex e-con-boxed e-con e-parent\" data-id=\"c92418a\" data-element_type=\"container\" data-e-type=\"container\">\n\t\t\t\t\t<div class=\"e-con-inner\">\n\t\t\t\t<div class=\"elementor-element elementor-element-ca95d32 elementor-position-top elementor-widget elementor-widget-image-box\" data-id=\"ca95d32\" data-element_type=\"widget\" data-e-type=\"widget\" data-widget_type=\"image-box.default\">\n\t\t\t\t<div class=\"elementor-widget-container\">\n\t\t\t\t\t<div class=\"elementor-image-box-wrapper\"><figure class=\"elementor-image-box-img\"><img fetchpriority=\"high\" decoding=\"async\" width=\"768\" height=\"515\" src=\"https:\/\/fan-club-veen-83.de\/wp-content\/uploads\/2024\/11\/Vorstand-768x515-1.jpg\" class=\"attachment-full size-full wp-image-1803\" alt=\"\" srcset=\"https:\/\/fan-club-veen-83.de\/wp-content\/uploads\/2024\/11\/Vorstand-768x515-1.jpg 768w, https:\/\/fan-club-veen-83.de\/wp-content\/uploads\/2024\/11\/Vorstand-768x515-1-640x429.jpg 640w, https:\/\/fan-club-veen-83.de\/wp-content\/uploads\/2024\/11\/Vorstand-768x515-1-320x215.jpg 320w\" sizes=\"(max-width: 768px) 100vw, 768px\" \/><\/figure><div class=\"elementor-image-box-content\"><h3 class=\"elementor-image-box-title\">Vorstandsmitglieder<\/h3><p class=\"elementor-image-box-description\">(v.l. Rudi Sauerl\u00e4nder, Michael Holland, Stefan Holland, Josef Holland, Michael Feenstra, Daniel Holland sowie Carsten Menzcyk -Foto folgt)<\/p><\/div><\/div>\t\t\t\t<\/div>\n\t\t\t\t<\/div>\n\t\t\t\t\t<\/div>\n\t\t\t\t<\/div>\n\t\t<div class=\"elementor-element elementor-element-67c4408 e-flex e-con-boxed e-con e-parent\" data-id=\"67c4408\" data-element_type=\"container\" data-e-type=\"container\">\n\t\t\t\t\t<div class=\"e-con-inner\">\n\t\t<div class=\"elementor-element elementor-element-1be5567 e-con-full e-flex e-con e-child\" data-id=\"1be5567\" data-element_type=\"container\" data-e-type=\"container\">\n\t\t\t\t<div class=\"elementor-element elementor-element-dcf0f21 elementor-position-top elementor-widget elementor-widget-image-box\" data-id=\"dcf0f21\" data-element_type=\"widget\" data-e-type=\"widget\" data-widget_type=\"image-box.default\">\n\t\t\t\t<div class=\"elementor-widget-container\">\n\t\t\t\t\t<div class=\"elementor-image-box-wrapper\"><figure class=\"elementor-image-box-img\"><img decoding=\"async\" width=\"768\" height=\"890\" src=\"https:\/\/fan-club-veen-83.de\/wp-content\/uploads\/2024\/11\/Daniel-e1708462340861-768x890-1.jpg\" class=\"attachment-full size-full wp-image-1805\" alt=\"\" srcset=\"https:\/\/fan-club-veen-83.de\/wp-content\/uploads\/2024\/11\/Daniel-e1708462340861-768x890-1.jpg 768w, https:\/\/fan-club-veen-83.de\/wp-content\/uploads\/2024\/11\/Daniel-e1708462340861-768x890-1-640x742.jpg 640w, https:\/\/fan-club-veen-83.de\/wp-content\/uploads\/2024\/11\/Daniel-e1708462340861-768x890-1-320x371.jpg 320w\" sizes=\"(max-width: 768px) 100vw, 768px\" \/><\/figure><div class=\"elementor-image-box-content\"><h3 class=\"elementor-image-box-title\"> Daniel Holland<\/h3><p class=\"elementor-image-box-description\">Pr\u00e4sident<\/p><\/div><\/div>\t\t\t\t<\/div>\n\t\t\t\t<\/div>\n\t\t\t\t<\/div>\n\t\t<div class=\"elementor-element elementor-element-18209b0 e-con-full e-flex e-con e-child\" data-id=\"18209b0\" data-element_type=\"container\" data-e-type=\"container\">\n\t\t\t\t<div class=\"elementor-element elementor-element-b058cba elementor-position-top elementor-widget elementor-widget-image-box\" data-id=\"b058cba\" data-element_type=\"widget\" data-e-type=\"widget\" data-widget_type=\"image-box.default\">\n\t\t\t\t<div class=\"elementor-widget-container\">\n\t\t\t\t\t<div class=\"elementor-image-box-wrapper\"><figure class=\"elementor-image-box-img\"><img decoding=\"async\" width=\"768\" height=\"900\" src=\"https:\/\/fan-club-veen-83.de\/wp-content\/uploads\/2024\/11\/Michael.H-768x900-1.jpg\" class=\"attachment-full size-full wp-image-1804\" alt=\"\" srcset=\"https:\/\/fan-club-veen-83.de\/wp-content\/uploads\/2024\/11\/Michael.H-768x900-1.jpg 768w, https:\/\/fan-club-veen-83.de\/wp-content\/uploads\/2024\/11\/Michael.H-768x900-1-640x750.jpg 640w, https:\/\/fan-club-veen-83.de\/wp-content\/uploads\/2024\/11\/Michael.H-768x900-1-320x375.jpg 320w\" sizes=\"(max-width: 768px) 100vw, 768px\" \/><\/figure><div class=\"elementor-image-box-content\"><h3 class=\"elementor-image-box-title\"> Michael Holland<\/h3><p class=\"elementor-image-box-description\">Kassierer<\/p><\/div><\/div>\t\t\t\t<\/div>\n\t\t\t\t<\/div>\n\t\t\t\t<\/div>\n\t\t<div class=\"elementor-element elementor-element-3c81606 e-con-full e-flex e-con e-child\" data-id=\"3c81606\" data-element_type=\"container\" data-e-type=\"container\">\n\t\t\t\t<div class=\"elementor-element elementor-element-52e0938 elementor-position-top elementor-widget elementor-widget-image-box\" data-id=\"52e0938\" data-element_type=\"widget\" data-e-type=\"widget\" data-widget_type=\"image-box.default\">\n\t\t\t\t<div class=\"elementor-widget-container\">\n\t\t\t\t\t<div class=\"elementor-image-box-wrapper\"><figure class=\"elementor-image-box-img\"><img loading=\"lazy\" decoding=\"async\" width=\"225\" height=\"300\" src=\"https:\/\/fan-club-veen-83.de\/wp-content\/uploads\/2025\/02\/Josef-Holland.jpg\" class=\"attachment-full size-full wp-image-2024\" alt=\"\" \/><\/figure><div class=\"elementor-image-box-content\"><h3 class=\"elementor-image-box-title\"> Josef Holland <\/h3><p class=\"elementor-image-box-description\"> Logistic\/Ticketing <\/p><\/div><\/div>\t\t\t\t<\/div>\n\t\t\t\t<\/div>\n\t\t\t\t<\/div>\n\t\t<div class=\"elementor-element elementor-element-9c3a911 e-con-full e-flex e-con e-child\" data-id=\"9c3a911\" data-element_type=\"container\" data-e-type=\"container\">\n\t\t\t\t<div class=\"elementor-element elementor-element-3004d01 elementor-position-top elementor-widget elementor-widget-image-box\" data-id=\"3004d01\" data-element_type=\"widget\" data-e-type=\"widget\" data-widget_type=\"image-box.default\">\n\t\t\t\t<div class=\"elementor-widget-container\">\n\t\t\t\t\t<div class=\"elementor-image-box-wrapper\"><figure class=\"elementor-image-box-img\"><img loading=\"lazy\" decoding=\"async\" width=\"247\" height=\"300\" src=\"https:\/\/fan-club-veen-83.de\/wp-content\/uploads\/2025\/02\/Steffan-Holland.jpg\" class=\"attachment-full size-full wp-image-2025\" alt=\"\" \/><\/figure><div class=\"elementor-image-box-content\"><h3 class=\"elementor-image-box-title\">Stefan Holland<\/h3><p class=\"elementor-image-box-description\"> Logistic\/Ticketing<\/p><\/div><\/div>\t\t\t\t<\/div>\n\t\t\t\t<\/div>\n\t\t\t\t<\/div>\n\t\t<div class=\"elementor-element elementor-element-2b8df0a e-con-full e-flex e-con e-child\" data-id=\"2b8df0a\" data-element_type=\"container\" data-e-type=\"container\">\n\t\t\t\t<div class=\"elementor-element elementor-element-c524119 elementor-position-top elementor-widget elementor-widget-image-box\" data-id=\"c524119\" data-element_type=\"widget\" data-e-type=\"widget\" data-widget_type=\"image-box.default\">\n\t\t\t\t<div class=\"elementor-widget-container\">\n\t\t\t\t\t<div class=\"elementor-image-box-wrapper\"><figure class=\"elementor-image-box-img\"><img loading=\"lazy\" decoding=\"async\" width=\"238\" height=\"300\" src=\"https:\/\/fan-club-veen-83.de\/wp-content\/uploads\/2025\/02\/Michael-Feenstra.jpg\" class=\"attachment-full size-full wp-image-2028\" alt=\"\" \/><\/figure><div class=\"elementor-image-box-content\"><h3 class=\"elementor-image-box-title\">Michael Feenstra <\/h3><p class=\"elementor-image-box-description\">Homepage\/Mitgliederorganisation<\/p><\/div><\/div>\t\t\t\t<\/div>\n\t\t\t\t<\/div>\n\t\t\t\t<\/div>\n\t\t<div class=\"elementor-element elementor-element-29307e4 e-con-full e-flex e-con e-child\" data-id=\"29307e4\" data-element_type=\"container\" data-e-type=\"container\">\n\t\t\t\t<div class=\"elementor-element elementor-element-f366cfc elementor-position-top elementor-widget elementor-widget-image-box\" data-id=\"f366cfc\" data-element_type=\"widget\" data-e-type=\"widget\" data-widget_type=\"image-box.default\">\n\t\t\t\t<div class=\"elementor-widget-container\">\n\t\t\t\t\t<div class=\"elementor-image-box-wrapper\"><figure class=\"elementor-image-box-img\"><img loading=\"lazy\" decoding=\"async\" width=\"214\" height=\"300\" src=\"https:\/\/fan-club-veen-83.de\/wp-content\/uploads\/2025\/02\/Rudi-Sauerlaender.jpg\" class=\"attachment-full size-full wp-image-2029\" alt=\"\" \/><\/figure><div class=\"elementor-image-box-content\"><h3 class=\"elementor-image-box-title\">Rudi Sauerl\u00e4nder<\/h3><p class=\"elementor-image-box-description\">\u00d6ffentlichkeitsarbeit<\/p><\/div><\/div>\t\t\t\t<\/div>\n\t\t\t\t<\/div>\n\t\t\t\t<\/div>\n\t\t\t\t\t<\/div>\n\t\t\t\t<\/div>\n\t\t<div class=\"elementor-element elementor-element-4e208b5 e-flex e-con-boxed e-con e-parent\" data-id=\"4e208b5\" data-element_type=\"container\" data-e-type=\"container\">\n\t\t\t\t\t<div class=\"e-con-inner\">\n\t\t<div class=\"elementor-element elementor-element-2200931 e-con-full e-flex e-con e-child\" data-id=\"2200931\" data-element_type=\"container\" data-e-type=\"container\">\n\t\t\t\t<div class=\"elementor-element elementor-element-c299383 elementor-position-top elementor-widget elementor-widget-image-box\" data-id=\"c299383\" data-element_type=\"widget\" data-e-type=\"widget\" data-widget_type=\"image-box.default\">\n\t\t\t\t<div class=\"elementor-widget-container\">\n\t\t\t\t\t<div class=\"elementor-image-box-wrapper\"><figure class=\"elementor-image-box-img\"><img loading=\"lazy\" decoding=\"async\" width=\"232\" height=\"300\" src=\"https:\/\/fan-club-veen-83.de\/wp-content\/uploads\/2025\/02\/Carsten-Menczyk.jpg\" class=\"attachment-full size-full wp-image-2030\" alt=\"\" \/><\/figure><div class=\"elementor-image-box-content\"><h3 class=\"elementor-image-box-title\">Carsten Menczyk<\/h3><p class=\"elementor-image-box-description\">Getr\u00e4nkewart<\/p><\/div><\/div>\t\t\t\t<\/div>\n\t\t\t\t<\/div>\n\t\t\t\t<\/div>\n\t\t<div class=\"elementor-element elementor-element-66662d1 e-con-full e-flex e-con e-child\" data-id=\"66662d1\" data-element_type=\"container\" data-e-type=\"container\">\n\t\t\t\t<\/div>\n\t\t<div class=\"elementor-element elementor-element-d4db695 e-con-full e-flex e-con e-child\" data-id=\"d4db695\" data-element_type=\"container\" data-e-type=\"container\">\n\t\t\t\t<\/div>\n\t\t<div class=\"elementor-element elementor-element-e079b6d e-con-full e-flex e-con e-child\" data-id=\"e079b6d\" data-element_type=\"container\" data-e-type=\"container\">\n\t\t\t\t<\/div>\n\t\t<div class=\"elementor-element elementor-element-9f86246 e-con-full e-flex e-con e-child\" data-id=\"9f86246\" data-element_type=\"container\" data-e-type=\"container\">\n\t\t\t\t<\/div>\n\t\t<div class=\"elementor-element elementor-element-939567a e-con-full e-flex e-con e-child\" data-id=\"939567a\" data-element_type=\"container\" data-e-type=\"container\">\n\t\t\t\t<\/div>\n\t\t\t\t\t<\/div>\n\t\t\t\t<\/div>\n\t\t\t\t<\/div>\n\t\t","protected":false},"excerpt":{"rendered":"<p>Vorstandsmitglieder (v.l. Rudi Sauerl\u00e4nder, Michael Holland, Stefan Holland, Josef Holland, Michael Feenstra, Daniel Holland sowie Carsten Menzcyk -Foto folgt) Daniel Holland Pr\u00e4sident Michael Holland Kassierer Josef Holland Logistic\/Ticketing Stefan Holland Logistic\/Ticketing Michael Feenstra Homepage\/Mitgliederorganisation Rudi Sauerl\u00e4nder \u00d6ffentlichkeitsarbeit Carsten Menczyk Getr\u00e4nkewart<\/p>\n","protected":false},"author":1,"featured_media":0,"parent":0,"menu_order":0,"comment_status":"closed","ping_status":"closed","template":"","meta":{"footnotes":""},"class_list":["post-1802","page","type-page","status-publish","hentry"],"_links":{"self":[{"href":"https:\/\/fan-club-veen-83.de\/index.php?rest_route=\/wp\/v2\/pages\/1802","targetHints":{"allow":["GET"]}}],"collection":[{"href":"https:\/\/fan-club-veen-83.de\/index.php?rest_route=\/wp\/v2\/pages"}],"about":[{"href":"https:\/\/fan-club-veen-83.de\/index.php?rest_route=\/wp\/v2\/types\/page"}],"author":[{"embeddable":true,"href":"https:\/\/fan-club-veen-83.de\/index.php?rest_route=\/wp\/v2\/users\/1"}],"replies":[{"embeddable":true,"href":"https:\/\/fan-club-veen-83.de\/index.php?rest_route=%2Fwp%2Fv2%2Fcomments&post=1802"}],"version-history":[{"count":18,"href":"https:\/\/fan-club-veen-83.de\/index.php?rest_route=\/wp\/v2\/pages\/1802\/revisions"}],"predecessor-version":[{"id":4578,"href":"https:\/\/fan-club-veen-83.de\/index.php?rest_route=\/wp\/v2\/pages\/1802\/revisions\/4578"}],"wp:attachment":[{"href":"https:\/\/fan-club-veen-83.de\/index.php?rest_route=%2Fwp%2Fv2%2Fmedia&parent=1802"}],"curies":[{"name":"wp","href":"https:\/\/api.w.org\/{rel}","templated":true}]}}