{"id":1743,"date":"2024-11-22T17:16:12","date_gmt":"2024-11-22T17:16:12","guid":{"rendered":"https:\/\/fan-club-veen-83.de\/?page_id=1743"},"modified":"2025-02-19T09:31:43","modified_gmt":"2025-02-19T09:31:43","slug":"wer-sind-wir","status":"publish","type":"page","link":"https:\/\/fan-club-veen-83.de\/?page_id=1743","title":{"rendered":"Wer sind wir ?"},"content":{"rendered":"\t\t<div data-elementor-type=\"wp-page\" data-elementor-id=\"1743\" class=\"elementor elementor-1743\">\n\t\t\t\t<div class=\"elementor-element elementor-element-89de4b4 e-flex e-con-boxed e-con e-parent\" data-id=\"89de4b4\" data-element_type=\"container\" data-e-type=\"container\">\n\t\t\t\t\t<div class=\"e-con-inner\">\n\t\t\t\t<div class=\"elementor-element elementor-element-c3ff0b0 elementor-widget elementor-widget-image\" data-id=\"c3ff0b0\" data-element_type=\"widget\" data-e-type=\"widget\" data-widget_type=\"image.default\">\n\t\t\t\t<div class=\"elementor-widget-container\">\n\t\t\t\t\t\t\t\t\t\t\t\t\t\t\t<img fetchpriority=\"high\" decoding=\"async\" width=\"960\" height=\"416\" src=\"https:\/\/fan-club-veen-83.de\/wp-content\/uploads\/2024\/11\/Unbenannt-3-1.jpg\" class=\"attachment-full size-full wp-image-1748\" alt=\"\" srcset=\"https:\/\/fan-club-veen-83.de\/wp-content\/uploads\/2024\/11\/Unbenannt-3-1.jpg 960w, https:\/\/fan-club-veen-83.de\/wp-content\/uploads\/2024\/11\/Unbenannt-3-1-640x277.jpg 640w, https:\/\/fan-club-veen-83.de\/wp-content\/uploads\/2024\/11\/Unbenannt-3-1-768x333.jpg 768w, https:\/\/fan-club-veen-83.de\/wp-content\/uploads\/2024\/11\/Unbenannt-3-1-320x139.jpg 320w\" sizes=\"(max-width: 960px) 100vw, 960px\" \/>\t\t\t\t\t\t\t\t\t\t\t\t\t\t\t<\/div>\n\t\t\t\t<\/div>\n\t\t\t\t\t<\/div>\n\t\t\t\t<\/div>\n\t\t<div class=\"elementor-element elementor-element-7c6adfc e-flex e-con-boxed e-con e-parent\" data-id=\"7c6adfc\" data-element_type=\"container\" data-e-type=\"container\">\n\t\t\t\t\t<div class=\"e-con-inner\">\n\t\t\t\t<div class=\"elementor-element elementor-element-c04599b elementor-widget elementor-widget-text-editor\" data-id=\"c04599b\" data-element_type=\"widget\" data-e-type=\"widget\" data-widget_type=\"text-editor.default\">\n\t\t\t\t<div class=\"elementor-widget-container\">\n\t\t\t\t\t\t\t\t\t<p>Herzlich willkommen auf unserer Homepage.<\/p><p>Wir sind einer der \u00e4ltesten und mitgliederst\u00e4rksten Fanclubs von Borussia M\u00f6nchengladbach vom Niederrhein. Bei einem 1:1 gegen die Fortuna aus D\u00fcsseldorf am 13.08.1983 gr\u00fcndeten 19 fussballverr\u00fcckte Freunde den VfL Fanclub Veen\u201983. Acht von ihnen sind auchheute noch aktiv.<\/p><p>Die Mitgliederzahl ist in den letzten Jahren auf mehr als 300 Mitglieder gestiegen. Bei uns sind alle Altersgruppen vertreten und somit z\u00e4hlen wir sicher zu den familenfreundlichsten Fanclubs des VfL. Der Kern unsere Mitglieder kommt aus Alpen-Veen. Einige wohnen aber mittlerweile auch in den umliegenden Ortschaften und St\u00e4dten. Mehr als 70 Mitglieder haben eine Dauerkarte und genauso viele fahren mit unserem somit immer prall gef\u00fcllten Gelenkbus zu jedem Heimspiel mit. Auch bei nahezu allen Ausw\u00e4rtsspielen sind die Fanclubmitglieder unseres Vereins zahlreich vertreten um unsere Borussia anzufeuern.<\/p><p>Zu den H\u00f6hepunkten einer jeden Saison geh\u00f6rt unsere gro\u00dfe, mehrt\u00e4gige Ausw\u00e4rtsfahrt, die meist zum Ende der Saison stattfindet und an der mehr als 50 Mitglieder teilnehmen. Hier waren wir schon im Schaukelkeller, an der Mosel sowie in M\u00fcnchen und Hamburg, um einige zu nennen. 2024 geht es mit ca. 70 Mitgliedern nach Stuttgart.<\/p><p>Ebenfalls ist unser Fanclub auch europaweit unterwegs! Unvergessen sind jeweils die Touren nach Rom, Barcelona, Florenz und Turin. Die Hoffnung auf eine weitere Teilnahme im europ\u00e4ischen Gesch\u00e4ft stirbt zuletzt und die Freude an weiteren europaweiten Touren ebenfalls! Wir sind bereit!<\/p><p>Highlights sind auch unsere Jubil\u00e4umspartys! Es begann zum 20 j\u00e4hrigen Bestehen 2003. Wir feierten mit insgesamt 1500 Besuchern. Die Schlagers\u00e4ngerin Andrea Berg heizte die Meute so richtig ein und die ausgelassene Stimmung im Festzelt war kaum zu \u00fcberbieten. 10 Jahre sp\u00e4ter, also zum 30. Jubil\u00e4um haben mir mit Mickie Krause und Anna-Maria Zimmermein sowie Willi Girmes bei einer der gr\u00f6\u00dften Open-Air-Partys in Veen den Spargelhof Schippers mit 3.200 G\u00e4sten zum beben gebracht. Zu erw\u00e4hnen bleibt noch dass unser Stargast Mickie Krause selbstverst\u00e4ndlich VFL Fan ist was es nat\u00fcrlich besonders machte.<\/p><p>2023 zum 40 j\u00e4hrigen Bestehen unseres Fanclubs und 90 Jahre Spargelhof Schippers folgte dann abermals aber diesmal in Kooperation mit dem Spargelhof Schippers, eine weitere Open-Air-Party mit dem weltbekannten DJ \u00d6tzi und Tobee. 2.600 Besucher stimmten sich bei \u201eeinem Stern\u201c und \u201eHubschraubereinsatz\u201c richtig ein und tanzten dann ausgelassen auf der Musik von DJ Team Balu und DJ Dee Nay. Selbstverst\u00e4ndlich hat es wiedermal an nichts gemangelt.<\/p><p>Wir sind sehr stolz, dass bei diesen Veranstaltungen keine Randale oder Gewaltt\u00e4tigkeiten zu verzeichnen waren. Bei uns steht Sport, Fairness, Zusammnhalt, gesunde Rivalit\u00e4t und die Unterst\u00fctzung der EINZIG WAHREN Borussia im Vordergrund und so soll es auch in Zukunft bleiben!<\/p>\t\t\t\t\t\t\t\t<\/div>\n\t\t\t\t<\/div>\n\t\t\t\t\t<\/div>\n\t\t\t\t<\/div>\n\t\t\t\t<\/div>\n\t\t","protected":false},"excerpt":{"rendered":"<p>Herzlich willkommen auf unserer Homepage. Wir sind einer der \u00e4ltesten und mitgliederst\u00e4rksten Fanclubs von Borussia M\u00f6nchengladbach vom Niederrhein. Bei einem 1:1 gegen die Fortuna aus D\u00fcsseldorf am 13.08.1983 gr\u00fcndeten 19 fussballverr\u00fcckte Freunde den VfL Fanclub Veen\u201983. Acht von ihnen sind auchheute noch aktiv. Die Mitgliederzahl ist in den letzten Jahren auf mehr als 300 Mitglieder&#8230;<\/p>\n","protected":false},"author":1,"featured_media":0,"parent":0,"menu_order":0,"comment_status":"closed","ping_status":"closed","template":"","meta":{"footnotes":""},"class_list":["post-1743","page","type-page","status-publish","hentry"],"_links":{"self":[{"href":"https:\/\/fan-club-veen-83.de\/index.php?rest_route=\/wp\/v2\/pages\/1743","targetHints":{"allow":["GET"]}}],"collection":[{"href":"https:\/\/fan-club-veen-83.de\/index.php?rest_route=\/wp\/v2\/pages"}],"about":[{"href":"https:\/\/fan-club-veen-83.de\/index.php?rest_route=\/wp\/v2\/types\/page"}],"author":[{"embeddable":true,"href":"https:\/\/fan-club-veen-83.de\/index.php?rest_route=\/wp\/v2\/users\/1"}],"replies":[{"embeddable":true,"href":"https:\/\/fan-club-veen-83.de\/index.php?rest_route=%2Fwp%2Fv2%2Fcomments&post=1743"}],"version-history":[{"count":12,"href":"https:\/\/fan-club-veen-83.de\/index.php?rest_route=\/wp\/v2\/pages\/1743\/revisions"}],"predecessor-version":[{"id":4574,"href":"https:\/\/fan-club-veen-83.de\/index.php?rest_route=\/wp\/v2\/pages\/1743\/revisions\/4574"}],"wp:attachment":[{"href":"https:\/\/fan-club-veen-83.de\/index.php?rest_route=%2Fwp%2Fv2%2Fmedia&parent=1743"}],"curies":[{"name":"wp","href":"https:\/\/api.w.org\/{rel}","templated":true}]}}